2, 5
Let o(r) = -2*r**2 - r**2 + 4*r**2 + 6 - 11*r + 0*r**2. What are the prime factors of o(11)?
2, 3
Let f be -2 - (1*6)/(-2). Let a be (f + -2)*(-3 + 0). Suppose -4*o + k + 8 = 3, a*o = 3*k - 3. List the prime factors of o.
2
Let u(x) = -x**3 + 3*x - 4. Let w be u(-3). Suppose w = 5*p - 71. List the prime factors of p.
17
Let t = 22 + -8. Let i = t - 6. List the prime factors of i.
2
Let k = -29 - -57. List the prime factors of k.
2, 7
Suppose 5*g - 572 = 3*w, 3*g + 4*w - 332 = 3*w. List the prime factors of g.
2, 7
Suppose 7*b - 490 = -126. What are the prime factors of b?
2, 13
Suppose -z = -10 + 2. Let x(o) = -2*o + 6. Let r be x(z). Let g = r + 16. List the prime factors of g.
2, 3
List the prime factors of (141 - 3) + -1*2 + 4.
2, 5, 7
Let d = 39 - 17. What are the prime factors of d?
2, 11
Let x(o) = -2*o**3 - 2*o**2 + 3*o + 2. Let k be x(-2). Suppose r - 15 = -k*r. What are the prime factors of r?
3
Let b(f) = f - 4. Let o be b(6). Let v(y) = y - o*y + 3*y - 6. What are the prime factors of v(4)?
2
Let g = 69 + -33. What are the prime factors of g?
2, 3
Let w(a) = -9*a**3 - 3*a**2 - 5*a - 4. List the prime factors of w(-2).
2, 3, 11
Suppose 0 = 5*j - 1 - 4. Suppose -3*b + b = -18. Let h = b + j. List the prime factors of h.
2, 5
Let v be 3/2 - 7/2. Let t = v + -1. Let m = t + 5. List the prime factors of m.
2
Let g(d) = d**2 - 3*d - 4. Let m(f) = -3*f**2 + 6*f + 8. Let s(y) = 5*g(y) + 2*m(y). Let n be s(-4). Let c = n + 23. What are the prime factors of c?
3, 5
Suppose 4*l + l - x - 7 = 0, -5*l + 1 = 2*x. Let v be (-10)/15 + l/(-3). What are the prime factors of ((-13)/1 - v)*-1?
2, 3
Suppose -3*u + 102 - 39 = 0. What are the prime factors of u?
3, 7
Let r = -11 + 111. Suppose r = o + o. List the prime factors of o.
2, 5
Suppose -t - 258 = 3*u - 5*u, -258 = -2*u + 4*t. What are the prime factors of u?
3, 43
Let z(w) = -3*w**3 + 2*w**2 + w + 2. Let u be z(-2). List the prime factors of (-1 + 7/4)*u.
2, 3
Suppose -3*p - g - 3*g = -98, -5*g = -4*p + 79. List the prime factors of 3 + (-4 - 1) + p.
2, 3
Let r(w) = 35*w**2 - 2*w + 1. Let o be r(1). Let p = -87 + 101. Let n = o - p. What are the prime factors of n?
2, 5
Let x(n) = -n**3 - 6*n**2 - n. Let w be x(-6). Suppose w = 5*s - 19. List the prime factors of s.
5
List the prime factors of 2 - -2 - (-1 + -2).
7
Let c(l) = -l**2 - 7*l - 3. Let v be c(-6). Let y = v + 0. Suppose -21 = -y*o - 2*n, 0*o - 1 = o - 2*n. List the prime factors of o.
5
Let j(k) = -3*k**2 - k. Let s be j(3). List the prime factors of (-83)/(-5) - 12/s.
17
Let a be (-3)/(-2*3/18). What are the prime factors of 2/3 + 102/a?
2, 3
Let f(t) = 34*t**2 - 2. What are the prime factors of f(-1)?
2
Let m(k) = -2*k**3 - 7*k**2 - 2*k - 1. Let f(t) = -4*t**3 - 15*t**2 - 5*t - 2. Let h(a) = -4*f(a) + 9*m(a). What are the prime factors of h(-3)?
2, 5
Let t(c) = -c - 7. Let f be t(-11). Suppose f*y + 2*b - b - 57 = 0, 81 = 5*y - 2*b. List the prime factors of y.
3, 5
Suppose -2*d + 3*i + 357 = 0, 2*i - 674 = -4*d - 0*i. List the prime factors of d.
3, 19
Suppose 2*x - 2*q = 12, -4*q = -1 + 17. Suppose -z + 6 = 4*d, x*z = -5*d + 10 + 11. What are the prime factors of z?
2, 3
Let v(w) = 6*w + 2. Let p be v(-3). Let m = p + 18. What are the prime factors of m?
2
Let j be ((-26)/8)/(2/(-8)). Let x = j - 11. Suppose 2*k - 14 = -2*g, -k + x*k - 13 = g. List the prime factors of k.
2, 5
Let h = -77 - -127. List the prime factors of h.
2, 5
Suppose 5*w = 5*q + 176 + 14, 3*q = -2*w + 56. What are the prime factors of w?
2, 17
Suppose 0 = 2*o + o - 6. Let k be (-1)/((-21)/10 + o). What are the prime factors of k/45 - (-79)/9?
3
Let v be (74/3)/(8/12). Suppose v + 3 = 2*p. List the prime factors of p.
2, 5
Let n = -50 - -85. Suppose o - m = -0*m + 7, -5*o - m = -n. What are the prime factors of o?
7
Let m(v) be the second derivative of v**3/6 + v**2/2 - 2*v. Let c be m(-1). What are the prime factors of c + 0 + -3 + 5?
2
Let q be (3/2)/(6/8). Suppose 0 = -3*z + q*w + 9, -z + 0*w + 3 = -w. List the prime factors of z.
3
Let y = 48 - 34. List the prime factors of y.
2, 7
Let a(g) = -22*g**2 - 16*g + 7. Let x(v) = -15*v**2 - 11*v + 5. Let i(t) = -5*a(t) + 7*x(t). List the prime factors of i(-2).
2, 7
Let p be 4/(3/(12/(-8))). What are the prime factors of 262/14 + p/(-7)?
19
Let g = 2 + 214. List the prime factors of g.
2, 3
Let r = 2 - 0. Suppose l = -5*k - 23, 2*l - 7*k + 1 = -r*k. Let d = -5 - l. List the prime factors of d.
3
Let p = 9 + 79. What are the prime factors of p?
2, 11
Let a be (-3)/12 - (-237)/4. Let i = a - 32. What are the prime factors of i?
3
Suppose -c - 3 = -6. Suppose -5*t - c = -4*t, 165 = 4*z + t. What are the prime factors of z?
2, 3, 7
Suppose -4*f - 10 = -2. Let n be (33/(-3) - 2) + 0. What are the prime factors of 2 + (f - (n + 1))?
2, 3
Let g = -1 + 6. Suppose 5*u = -25, -5 = 3*c + g*u + 5. Suppose c*n = 2*n + 30. What are the prime factors of n?
2, 5
Let m(q) = -4*q**2 - 3*q - 4*q**2 - q**3 + 8 + q**2. List the prime factors of m(-7).
29
Let q(u) = -55*u + 2. Let z be q(-2). Suppose -2*j - 4*k = -56, -2*k = 3*j - z + 40. What are the prime factors of j?
2, 11
Let h be 252/52 - 4/(-26). Let q = h - 0. Suppose 3*p - 5*f - 74 = -19, q*p + f - 73 = 0. What are the prime factors of p?
3, 5
Suppose -p - 1 = -4. Suppose 0 = -c + p*c - 6. Suppose 0 = c*t + 4 - 34. What are the prime factors of t?
2, 5
Let k(h) = h**3 + 12*h**2 + 15*h - 2. List the prime factors of k(-9).
2, 53
Let u(k) = k**2 + 6*k + 9. Let x be u(-5). List the prime factors of 1/x*(92 + 0).
23
Let k(h) = 9*h. Let t be k(1). Let x(v) = 1 + 2*v + 0 - 11. What are the prime factors of x(t)?
2
Let b = 97 - 46. What are the prime factors of b?
3, 17
Let c = -1 + 5. Suppose 4*b - 2 = 2, -n + c = -b. What are the prime factors of n?
5
Let n = -8 + 13. Suppose 3*m - 4 - n = 0. List the prime factors of m.
3
Suppose -4*v + 9 = -3, 0 = -3*d - 2*v + 12. Suppose b = -5*m + 61, 3*m + d*b - 4*b - 34 = 0. What are the prime factors of m?
2, 3
Let h = 169 - 3. List the prime factors of h.
2, 83
Suppose 2*p + 0*p = 0. Suppose 0 = 5*x - 25, p*x = -y + x + 2. What are the prime factors of y?
7
Suppose -x - 234 = -7*x. What are the prime factors of x?
3, 13
Let w(b) = 64*b**2 + b. Let k be w(-1). Let r = k + -45. What are the prime factors of r?
2, 3
Let v = -138 + 253. List the prime factors of v.
5, 23
Let y be 0/(-6)*(-2)/6. Suppose 5*c + j = 80, 3*c + y*j - 46 = -j. List the prime factors of c.
17
Let c(g) be the second derivative of g**3/6 + g**2/2 - 8*g. List the prime factors of c(9).
2, 5
Let r be ((-35)/(-4))/5*4. Suppose 5*p = -2*u + 7, 4 = 5*p + u - r. What are the prime factors of p?
3
Let h = -19 + 63. What are the prime factors of h?
2, 11
Let c be -36*(2 - (-10)/(-4)). Let t = c - 12. What are the prime factors of t?
2, 3
Suppose -4*c + 23 = -5*r, c = 3*r - 1 - 2. Let g = -5 + c. What are the prime factors of g?
7
Let x = -101 - -283. List the prime factors of x.
2, 7, 13
Suppose 0*f + f - 59 = 2*u, 5*f + 4*u - 309 = 0. List the prime factors of f.
61
Let w(s) = 63*s**2 - s. List the prime factors of w(1).
2, 31
Let b(c) = c + 11. Let w be b(-8). Let l(n) = 2*n**2 - 5*n + 2. What are the prime factors of l(w)?
5
Suppose -2*g = -4*g + 28. What are the prime factors of (-4)/g + 489/21?
23
List the prime factors of 1 - 106/(-2)*1.
2, 3
Let o = 11 + -20. Let q(h) = -h**2 - 9*h - 2. Let j be q(o). List the prime factors of (3*8/(-6))/j.
2
Let k = -90 - -209. List the prime factors of k.
7, 17
Suppose 48 = -5*z + 4*u + 129, 0 = 3*z + 3*u - 27. Let r = 64 - z. List the prime factors of r.
3, 17
Let x(a) = 10*a + 3. Let j be x(3). Let k = j - 23. List the prime factors of k.
2, 5
Let u(x) = -8*x**3 + 2*x**2 + 1. List the prime factors of u(-2).
73
Let q = 258 - 147. List the prime factors of q.
3, 37
Let r(v) = 6*v**2 - 2*v - 2. Let s = 11 + -13. List the prime factors of r(s).
2, 13
Suppose -2*g - 3*r + 4 = r, 5*g - 5*r = 55. List the prime factors of g.
2
What are the prime factors of ((-96)/(-18))/(1/24)?
2
Let k(x) = 2*x - 2. Let l be k(10). Suppose -l = -4*b - 2*b. What are the prime factors of b?
3
What are the prime factors of (2/4 - 300/(-16))*4?
7, 11
Let q = 51 - 20. What are the prime factors of q?
31
Let u be -2 + 1/((-1)/(-32)). Suppose -90 - u = 